86. Let y(j) = 4*j**2 - 11*j - 4. Let i(n) = -3*n**2 + 10*n + 4. Let m(f) = 5*i(f) + 4*y(f). Determine m(o).
-4
Let o(a) = -a**2 - 6*a - 4. Let g(i) = 6*i + 2*i + i - 10*i. Let p(t) = g(t) + o(t). What is p(-6)?
2
Let z(w) = w**3 + 4*w**2 - 4*w. Let a be ((-48)/9)/(-4)*15. Let p = -20 + a. Suppose 2*c + 10 = -p*c. Give z(c).
-5
Let u(k) = -2*k - 2 - 5 + 3*k + 9. Let a(z) = z**2 + 7*z + 7. Let l be a(-5). Let o(f) = -2. Let h(w) = l*o(w) - 2*u(w). Give h(5).
-8
Let k = 456 - 448. Let i(x) = -x**3 + 9*x**2 - 5*x - 10. Calculate i(k).
14
Let i(z) = z - 2. Let f(s) = -1 + 0*s - 3*s + 4*s + 0. Suppose -b + 2 + 0 = 0. Let n(y) = b*f(y) - 3*i(y). Determine n(6).
-2
Let y = -41 + 26. Let a be (12/10)/((-6)/y). Suppose 4*t - 32 = -f - f, 4*f = -a*t + 39. Let d(q) = -q**2 + 9*q - 3. Determine d(f).
15
Let m(k) be the third derivative of k**4/24 + 2*k**3/3 - 115*k**2. Let z = 15 - 9. Suppose 2*v - z*v - 16 = 0. Determine m(v).
0
Let q(r) = r**2 - 10*r - 10. Let g be q(10). Let m = -8 - g. Suppose 2*c = -10 - m. Let s(a) = a**3 + 5*a**2 - 7*a - 9. Determine s(c).
-3
Suppose 3*j + 4*x = 4*j + 6, 3*j = -x - 44. Let k(w) = w + 45. Give k(j).
31
Let r(i) be the first derivative of -1/2*i**2 - 5 + 2*i. Let c(v) = 2*v**3 + 4*v**2 + 2*v - 2. Let p be c(-2). Give r(p).
8
Let u be ((-2)/(4/2))/(3/(-21)). Let y(k) be the first derivative of -k**2/2 + 2*k - 5. Determine y(u).
-5
Let y(s) = 3*s**2 - 17*s + 27. Let v(p) = -2*p**2 + 9*p - 14. Let a(f) = 5*v(f) + 3*y(f). Let c(o) be the first derivative of a(o). What is c(-6)?
6
Let a(n) be the second derivative of -1/4*n**4 + 0 - 37*n + 0*n**3 + 1/20*n**5 - 3/2*n**2. Determine a(3).
-3
Let j(y) = 0*y**2 - y**2 + 5*y + 3 - 2. Let f be (12/(-10))/((2 + -6)/20). Give j(f).
-5
Let t(p) = -7*p + 20. Let x(q) = -q**3 - 5*q**2 + 8*q + 6. Let a be x(-6). Let d(m) = -m + 1. Let o(w) = a*d(w) + t(w). Determine o(8).
6
Let m = 7 - 11. Let o be 44/(-7) + m/(-14). Let q(t) be the third derivative of t**5/60 + t**4/6 - t**3 + 116*t**2. Determine q(o).
6
Let r be (32/28)/((-22)/(-77)). Let x(g) = 2*g**2 + 7*g + 2. Let p(a) = -2*a**2 + a**2 + 2 - a - 3. Let k(f) = -3*p(f) - x(f). Determine k(r).
1
Let d(h) = -10*h + 3. Suppose 18*a = 8*a. Determine d(a).
3
Let n(u) = -u**2 - 6*u - 1. Let q(y) = y**3 - 3*y**2 - 14*y + 14. Let p be q(5). What is n(p)?
-1
Let w(d) = 3*d + 5. Let t(u) = -10*u - 17. Let v(z) = -50*z - 86. Let b(k) = 16*t(k) - 3*v(k). Let l(j) = 5*b(j) + 16*w(j). Calculate l(7).
-4
Let p(x) = x**2 - 7*x - 9. Let r be p(9). Let t(f) be the third derivative of -f**6/120 + 3*f**5/20 + f**4/24 - 5*f**3/3 + 93*f**2. Determine t(r).
-1
Let o(y) be the second derivative of y**5/60 - y**4/3 - y**3 - 9*y**2/2 - 12*y. Let k(l) be the first derivative of o(l). Determine k(8).
-6
Suppose -2*f = 5*q - 79, -f - 10 = -7. Let o(k) = k - 25. Calculate o(q).
-8
Let m(s) be the first derivative of s**3/3 + 13*s**2/2 - 4*s + 80. What is m(-14)?
10
Let p(c) = -3 + 136*c - 45*c - 50*c + 4*c**2 + c**3 - 43*c. Determine p(-4).
5
Let f(d) be the second derivative of d**5/20 - d**4/2 + 5*d**3/6 + 4*d. Suppose -35 = 30*u - 37*u. What is f(u)?
0
Let j(l) = -4*l + 9*l**2 - 7 + l**3 + 4*l. Let w = -647 - -638. Determine j(w).
-7
Let x(m) = -m**2 - 6*m + 3. Let k(t) = 14*t + 1. Let w be k(1). Suppose -3*g + 27 = -8*g + l, 5*g + w = 5*l. Determine x(g).
3
Let s = 14 - -7. Suppose -r - 1 = -2*w, 4*r + r + s = 2*w. Let k(p) = 3*p + 3. Let u(y) = -y**3 + y**2 - 1. Let j(i) = k(i) + u(i). What is j(w)?
8
Let s(t) be the second derivative of t**5/4 - t**4/12 + t**3/3 - t**2/2 - 110*t. Give s(1).
5
Let l(m) = -m**2 + 7*m + 10. Suppose 0 = -0*h - 2*h + 16. Determine l(h).
2
Let s(l) = -43*l**2 - 3. Let x(r) = 42*r**2 - 3 - 56*r**2 + 2. Let j(h) = -2*s(h) + 7*x(h). Determine j(1).
-13
Let z(t) = -20 + 21 - 21 - t**2 + 18 - 3*t. What is z(-4)?
-6
Let h be ((-19)/57)/((-2)/(-6)). Suppose -35 = -4*d - d. Let r(w) = 5*w**2 - w + w**3 - 3*w**3 - 7*w**3 - d*w**2. Determine r(h).
8
Let q(d) = -d**2 + 4*d - 4. Let b be (56/(-21))/((-6)/9). Suppose -3*p - 1 = -7. Let j be 10/b - p/(-4). Determine q(j).
-1
Let d(s) = s**3 + 2*s - 1. Let r be (-1 - 0) + (35 - 2). Suppose 5*j = -3*h - r, 3*j + 2*h + 25 = 6. Let g = j + 8. Determine d(g).
2
Let r(p) = -p**3 + 6*p**2 + 6*p - 14. Suppose 77 = 1542*s - 1531*s. Give r(s).
-21
Let w(v) = 40*v**2 - 47*v**2 - 5*v**2 + 4 + 0*v**3 - 20*v - v**3. Give w(-10).
4
Let q(p) = -4*p**2 - 2*p - 3. Let r be 2 + ((-9)/12)/((-4)/16). Let w(c) = -c**3 + 5*c**2 + 2*c - 12. Let x be w(r). Determine q(x).
-15
Let v(d) = 3*d - 1. Let w be (-24)/(-30)*(0 - -5). Let z(t) = 3*t + 0*t - w*t + 1 - t. Let g(f) = 3*v(f) + 4*z(f). Calculate g(-4).
-3
Let c be ((-63)/(-42))/((-2)/(-4)). Let w(v) = 2*v - 7. Calculate w(c).
-1
Let y(o) = 7*o + 4. Let z(v) = v + 12. Let b be z(-6). Let a(p) = b*p + 37 - 20 - 13. Let t(m) = -6*a(m) + 5*y(m). Calculate t(-5).
1
Let m(k) be the second derivative of -2*k**3/3 - 3*k**2/2 - 32*k. Let u(y) = y - 17. Let c be u(13). What is m(c)?
13
Suppose 3*l - 3*i = -2*l - 5, 3*l + 3 = 4*i. Let v(q) = 23*q. Calculate v(l).
-23
Let l(b) = -b + 3. Suppose h - 5*s - 10 = 0, h + s = -2*s + 26. Suppose -2*x + h = 4*u, -u - x - 1 = -6. Give l(u).
-2
Suppose 23*y - 405 = -58*y. Let k(n) = n**3 - 6*n**2 - 2*n + 22. Determine k(y).
-13
Let c(a) = -3*a**2 - 22*a - 16. Let z(h) = 5*h**2 + 33*h + 23. Let f(k) = -8*c(k) - 5*z(k). Determine f(12).
1
Let f(n) = -6 - n + n**3 + 3*n**2 + 0*n - n. Suppose -4*d + 204 = 220. Give f(d).
-14
Let h(b) be the third derivative of b**4/6 + 17*b**3/6 - 72*b**2. Determine h(-8).
-15
Suppose j + 4*k - 16 - 4 = 0, 15 = -5*j + 3*k. Let h(x) = 9*x**2 + x + 5. Calculate h(j).
5
Let i(b) = b**2 - b. Let m be i(0). Let d(f) = -36 + f**2 + 47 + 0*f**2 + f. Determine d(m).
11
Let i(q) be the second derivative of q**8/6720 + q**7/840 - q**6/180 - q**5/20 + 19*q**4/12 + 27*q. Let d(v) be the third derivative of i(v). What is d(-4)?
-6
Suppose 78 = 4*n + p, p = n + 5*p - 27. Let c(t) = -12*t + n*t + 3 - 8*t. Calculate c(-4).
7
Let t(q) = 3*q**2 - 5*q - 4. Let v(l) = 6*l**2 - 10*l - 8. Let h(o) = 5*t(o) - 3*v(o). Determine h(4).
-24
Suppose 4 = -7*s + 4. Let f(c) be the third derivative of 1/30*c**5 + 4*c**2 + s*c - 1/2*c**3 - 5/24*c**4 + 0. What is f(4)?
9
Let r(d) = -d**3 + 7*d**2 + 3*d + 6. Let g be r(7). Suppose 11*l - 38 = -g. Let t(c) = -7*c**3 - c. Calculate t(l).
-8
Let i(f) = 6*f**2 + f - 4. Let x(s) = -6*s**2 - s + 4. Let l(y) = -3*i(y) - 2*x(y). Give l(3).
-53
Suppose -709*v = -717*v. Let c(g) = -g**2 + g + 11. Calculate c(v).
11
Suppose 5*v - 5 = u + 15, 5 = -u + 2*v. Let n(q) = q**3 - 4*q**2 - 4*q - 2. What is n(u)?
3
Suppose 22 = 4*u - 2*x, -4*u + 3*x + 28 = -x. Suppose 0*r + u*r + 12 = 0. Let b(y) = -y**3 - 4*y**2 - y. What is b(r)?
-6
Let f(u) = 5*u - 6*u - 3*u**2 - 2 - 32*u**3 + 34*u**3 + 3*u. Let w be 2/5*-1*-5. What is f(w)?
6
Let s(l) = 1 + 3*l - 1 - 4. Let b = 2421 + -2418. Calculate s(b).
5
Let i be 3*(-35)/63*3. Let l(o) = -2*o**2 + 0*o**2 + 3*o**2 + 4*o + 1. Determine l(i).
6
Let t = 1 - -4. Let v(u) = 12*u**2 - t*u**2 - 9*u + 2*u + 6*u. Determine v(1).
6
Let j = 0 - -9. Let c be 1/(j/2 + -4). Let k(t) = -3*t + 2*t + t**c - t + 2 + 5*t. Calculate k(-4).
6
Let y(s) = 64*s - 2*s**3 - 61*s + 4 + s**3 - 2*s**2. Let f = 189 - 186. Calculate y(f).
-32
Let w(m) = -2*m**2 + m - 1. Let t be (((-36)/(-6))/6)/((-1)/3). Give w(t).
-22
Let x(j) = 3*j + 2. Let p = 0 - 1. Let m be (-34)/4 + p/(-2). Let u be m/5 + (-6)/15. Determine x(u).
-4
Let b(g) be the first derivative of -1/4*g**4 - 5/2*g**2 + g + 24 + 5/3*g**3. Calculate b(4).
-3
Suppose 14*k - 4 = 12*k. Let q(f) = -k*f - 9 + 3 - f + 2*f. Suppose 5*p + 9 + 6 = 0. Give q(p).
-3
Suppose 2*n - 4*p = 4, 5*n = 2*n + p + 21. Let f(s) = 3 - 11 + 10*s - 4 - s**2. Determine f(n).
4
Suppose j - 3*m = -25, 34 = -2*j - 0*m - 2*m. Let y = j - -16. Let v(q) = q + 8. Let a(d) = 2*d + 17. Let z(p) = 4*a(p) - 9*v(p). Determine z(y).
-1
Let d = 4 + -8. Let j(k) = 28*k**3 + 21*k**2 + 11*k + 21. Let b(l) = -13*l**3 - 10*l**2 - 5*l - 10. Let h(q) = -13*b(q) - 6*j(q). Determine h(d).
8
Let s(c) be the second derivative of c**4/12 - 3*c**3/2 + 7*c**2/2 + 9*c. Let z be 4/((-36)/(-345))*-3. Let h be (-1)/(-3) - z/15. Determine s(h).
-1
Let z(o) be the second derivative of 0*o**2